{"id":29,"date":"2023-02-27T08:12:54","date_gmt":"2023-02-27T07:12:54","guid":{"rendered":"https:\/\/www.adlerkompressoren.at\/wp\/?page_id=29"},"modified":"2023-05-02T09:14:32","modified_gmt":"2023-05-02T07:14:32","slug":"mechatronik","status":"publish","type":"page","link":"https:\/\/www.adlerkompressoren.at\/?page_id=29","title":{"rendered":"Mechatronik"},"content":{"rendered":"\n<div class=\"wp-block-cover alignfull\" style=\"min-height:75vh;aspect-ratio:unset;\"><span aria-hidden=\"true\" class=\"wp-block-cover__background has-background-dim-10 has-background-dim\"><\/span><img loading=\"lazy\" decoding=\"async\" width=\"2560\" height=\"1050\" class=\"wp-block-cover__image-background wp-image-950\" alt=\"\" src=\"https:\/\/www.adlerkompressoren.at\/wp-content\/uploads\/2023\/03\/mecha3.jpg\" data-object-fit=\"cover\" srcset=\"https:\/\/www.adlerkompressoren.at\/wp-content\/uploads\/2023\/03\/mecha3.jpg 2560w, https:\/\/www.adlerkompressoren.at\/wp-content\/uploads\/2023\/03\/mecha3-300x123.jpg 300w, https:\/\/www.adlerkompressoren.at\/wp-content\/uploads\/2023\/03\/mecha3-1024x420.jpg 1024w, https:\/\/www.adlerkompressoren.at\/wp-content\/uploads\/2023\/03\/mecha3-768x315.jpg 768w, https:\/\/www.adlerkompressoren.at\/wp-content\/uploads\/2023\/03\/mecha3-1536x630.jpg 1536w, https:\/\/www.adlerkompressoren.at\/wp-content\/uploads\/2023\/03\/mecha3-2048x840.jpg 2048w, https:\/\/www.adlerkompressoren.at\/wp-content\/uploads\/2023\/03\/mecha3-1600x656.jpg 1600w\" sizes=\"auto, (max-width: 2560px) 100vw, 2560px\" \/><div class=\"wp-block-cover__inner-container is-layout-flow wp-block-cover-is-layout-flow\">\n<p class=\"has-text-align-center has-large-font-size\"><\/p>\n<\/div><\/div>\n\n\n\n<div class=\"wp-block-group alignfull has-ast-global-color-5-background-color has-background is-layout-constrained wp-container-core-group-is-layout-9cedb757 wp-block-group-is-layout-constrained\" style=\"padding-bottom:0px\">\n<div class=\"wp-block-columns are-vertically-aligned-top is-layout-flex wp-container-core-columns-is-layout-00723822 wp-block-columns-is-layout-flex\">\n<div class=\"wp-block-column is-vertically-aligned-top is-layout-flow wp-container-core-column-is-layout-6b73ce23 wp-block-column-is-layout-flow\">\n<h3 class=\"wp-block-heading has-text-align-center\" style=\"margin-top:16px\">REPARATUR<\/h3>\n\n\n\n<p class=\"has-text-align-center\">Als flexibles Druckluftunternehmen f\u00fchren wir Reparaturen direkt vor Ort oder in unserer komplett ausgestatteten Werkstatt in Garsten durch.\u00a0Das Dienstleistungs-Angebot reicht von einfachen Reparaturen bis hin zu komplexen Aufbauten von Regel- und Steuerungstechniken in und um den gesamten Druckluftbereich.<\/p>\n<\/div>\n\n\n\n<div class=\"wp-block-column is-vertically-aligned-top is-layout-flow wp-container-core-column-is-layout-6b73ce23 wp-block-column-is-layout-flow\">\n<h3 class=\"wp-block-heading has-text-align-center\" style=\"margin-top:16px;text-transform:uppercase\">Mechatronik<\/h3>\n\n\n\n<p class=\"has-text-align-center\">Zuverl\u00e4ssige Reparatur von Platinen und Frequenzumformer. Unsere qualifizierten Techniker verf\u00fcgen \u00fcber langj\u00e4hrige Erfahrung in der Reparatur von elektronischen Systemen und k\u00f6nnen schnell und effizient Probleme diagnostizieren und beheben. Wir verwenden nur hochwertige Ersatzteile, um sicherzustellen, dass Ihre Systeme lange Zeit reibungslos funktionieren.<\/p>\n<\/div>\n\n\n\n<div class=\"wp-block-column is-vertically-aligned-top is-layout-flow wp-container-core-column-is-layout-6b73ce23 wp-block-column-is-layout-flow\">\n<h3 class=\"wp-block-heading has-text-align-center\" style=\"margin-top:16px;text-transform:uppercase\">Planung &amp; Montage<\/h3>\n\n\n\n<p class=\"has-text-align-center\">Wir bieten Planung, Montage und Inbetriebnahme von mechatronischen Baugruppen f\u00fcr L\u00fcftungen und Regelungen komplexer Kompressoranlagen f\u00fcr klein- und mittelst\u00e4ndische Unternehmen, sowie f\u00fcr gro\u00dfe Unternehmen die optimale und individuelle L\u00f6sungen rund um die Kompressortechnik suchen.<\/p>\n<\/div>\n<\/div>\n\n\n\n<div style=\"height:55px\" aria-hidden=\"true\" class=\"wp-block-spacer\"><\/div>\n<\/div>\n\n\n\n<div class=\"wp-block-group alignfull has-ast-global-color-6-background-color has-background is-layout-constrained wp-container-core-group-is-layout-94d206d0 wp-block-group-is-layout-constrained\" id=\"about\" style=\"padding-top:143px;padding-bottom:144px\">\n<div class=\"wp-block-media-text has-media-on-the-right is-stacked-on-mobile is-vertically-aligned-center\"><div class=\"wp-block-media-text__content\">\n<div class=\"inherit-container-width wp-block-group is-layout-constrained wp-container-core-group-is-layout-55ae1de8 wp-block-group-is-layout-constrained\" style=\"padding-top:0;padding-right:0;padding-bottom:0;padding-left:0\">\n<h2 class=\"wp-block-heading\" style=\"padding-right:40px\">Mechatronik<\/h2>\n\n\n\n<p>Wir verf\u00fcgen \u00fcber umfassende Erfahrungen im Bereich der mechatronischen L\u00f6sungen, insbesondere im Bereich Druckluft. Wir haben ein Team von hochqualifizierten Technikern, die sich auf die Entwicklung, Implementierung und Wartung von ma\u00dfgeschneiderten L\u00f6sungen spezialisiert haben, um die Anforderungen unserer Kunden bestm\u00f6glich zu erf\u00fcllen.<\/p>\n\n\n\n<p>Dabei sind wir sehr stolz darauf unseren Kunden eine umfassende Unterst\u00fctzung von der Planung bis zur Umsetzung ihrer Projekte zu bieten und sind bestrebt, unsere Fachkenntnisse kontinuierlich zu erweitern und zu verbessern.<\/p>\n\n\n\n<p>So senken Sie ihre Kosten und steigern ihre Produktivit\u00e4t.<\/p>\n<\/div>\n<\/div><figure class=\"wp-block-media-text__media\"><img loading=\"lazy\" decoding=\"async\" width=\"750\" height=\"600\" src=\"https:\/\/www.adlerkompressoren.at\/wp-content\/uploads\/2023\/03\/mechatronik.jpg\" alt=\"\" class=\"wp-image-1009 size-full\" srcset=\"https:\/\/www.adlerkompressoren.at\/wp-content\/uploads\/2023\/03\/mechatronik.jpg 750w, https:\/\/www.adlerkompressoren.at\/wp-content\/uploads\/2023\/03\/mechatronik-300x240.jpg 300w\" sizes=\"auto, (max-width: 750px) 100vw, 750px\" \/><\/figure><\/div>\n<\/div>\n","protected":false},"excerpt":{"rendered":"<p>REPARATUR Als flexibles Druckluftunternehmen f\u00fchren wir Reparaturen direkt vor Ort oder in unserer komplett ausgestatteten Werkstatt in Garsten durch.\u00a0Das Dienstleistungs-Angebot reicht von einfachen Reparaturen bis hin zu komplexen Aufbauten von Regel- und Steuerungstechniken in und um den gesamten Druckluftbereich. Mechatronik Zuverl\u00e4ssige Reparatur von Platinen und Frequenzumformer. Unsere qualifizierten Techniker verf\u00fcgen \u00fcber langj\u00e4hrige Erfahrung in der [&hellip;]<\/p>\n","protected":false},"author":1,"featured_media":0,"parent":0,"menu_order":0,"comment_status":"closed","ping_status":"open","template":"","meta":{"site-sidebar-layout":"default","site-content-layout":"plain-container","ast-site-content-layout":"default","site-content-style":"default","site-sidebar-style":"default","ast-global-header-display":"","ast-banner-title-visibility":"","ast-main-header-display":"","ast-hfb-above-header-display":"","ast-hfb-below-header-display":"","ast-hfb-mobile-header-display":"","site-post-title":"disabled","ast-breadcrumbs-content":"","ast-featured-img":"","footer-sml-layout":"","ast-disable-related-posts":"","theme-transparent-header-meta":"enabled","adv-header-id-meta":"","stick-header-meta":"","header-above-stick-meta":"","header-main-stick-meta":"","header-below-stick-meta":"","astra-migrate-meta-layouts":"default","ast-page-background-enabled":"default","ast-page-background-meta":{"desktop":{"background-color":"var(--ast-global-color-4)","background-image":"","background-repeat":"repeat","background-position":"center center","background-size":"auto","background-attachment":"scroll","background-type":"","background-media":"","overlay-type":"","overlay-color":"","overlay-opacity":"","overlay-gradient":""},"tablet":{"background-color":"","background-image":"","background-repeat":"repeat","background-position":"center center","background-size":"auto","background-attachment":"scroll","background-type":"","background-media":"","overlay-type":"","overlay-color":"","overlay-opacity":"","overlay-gradient":""},"mobile":{"background-color":"","background-image":"","background-repeat":"repeat","background-position":"center center","background-size":"auto","background-attachment":"scroll","background-type":"","background-media":"","overlay-type":"","overlay-color":"","overlay-opacity":"","overlay-gradient":""}},"ast-content-background-meta":{"desktop":{"background-color":"var(--ast-global-color-5)","background-image":"","background-repeat":"repeat","background-position":"center center","background-size":"auto","background-attachment":"scroll","background-type":"","background-media":"","overlay-type":"","overlay-color":"","overlay-opacity":"","overlay-gradient":""},"tablet":{"background-color":"var(--ast-global-color-5)","background-image":"","background-repeat":"repeat","background-position":"center center","background-size":"auto","background-attachment":"scroll","background-type":"","background-media":"","overlay-type":"","overlay-color":"","overlay-opacity":"","overlay-gradient":""},"mobile":{"background-color":"var(--ast-global-color-5)","background-image":"","background-repeat":"repeat","background-position":"center center","background-size":"auto","background-attachment":"scroll","background-type":"","background-media":"","overlay-type":"","overlay-color":"","overlay-opacity":"","overlay-gradient":""}},"footnotes":""},"class_list":["post-29","page","type-page","status-publish","hentry"],"yoast_head":"<!-- This site is optimized with the Yoast SEO plugin v27.5 - https:\/\/yoast.com\/product\/yoast-seo-wordpress\/ -->\n<title>Mechatronik - Adler Kompressoren<\/title>\n<meta name=\"robots\" content=\"index, follow, max-snippet:-1, max-image-preview:large, max-video-preview:-1\" \/>\n<link rel=\"canonical\" href=\"https:\/\/www.adlerkompressoren.at\/?page_id=29\" \/>\n<meta property=\"og:locale\" content=\"de_DE\" \/>\n<meta property=\"og:type\" content=\"article\" \/>\n<meta property=\"og:title\" content=\"Mechatronik - Adler Kompressoren\" \/>\n<meta property=\"og:description\" content=\"REPARATUR Als flexibles Druckluftunternehmen f\u00fchren wir Reparaturen direkt vor Ort oder in unserer komplett ausgestatteten Werkstatt in Garsten durch.\u00a0Das Dienstleistungs-Angebot reicht von einfachen Reparaturen bis hin zu komplexen Aufbauten von Regel- und Steuerungstechniken in und um den gesamten Druckluftbereich. Mechatronik Zuverl\u00e4ssige Reparatur von Platinen und Frequenzumformer. Unsere qualifizierten Techniker verf\u00fcgen \u00fcber langj\u00e4hrige Erfahrung in der [&hellip;]\" \/>\n<meta property=\"og:url\" content=\"https:\/\/www.adlerkompressoren.at\/?page_id=29\" \/>\n<meta property=\"og:site_name\" content=\"Adler Kompressoren\" \/>\n<meta property=\"article:publisher\" content=\"https:\/\/www.facebook.com\/p\/Adler-Kompressoren-GmbH-100054344568440\/\" \/>\n<meta property=\"article:modified_time\" content=\"2023-05-02T07:14:32+00:00\" \/>\n<meta property=\"og:image\" content=\"https:\/\/www.adlerkompressoren.at\/wp-content\/uploads\/2023\/03\/mecha3.jpg\" \/>\n\t<meta property=\"og:image:width\" content=\"2560\" \/>\n\t<meta property=\"og:image:height\" content=\"1050\" \/>\n\t<meta property=\"og:image:type\" content=\"image\/jpeg\" \/>\n<meta name=\"twitter:card\" content=\"summary_large_image\" \/>\n<meta name=\"twitter:label1\" content=\"Gesch\u00e4tzte Lesezeit\" \/>\n\t<meta name=\"twitter:data1\" content=\"1\u00a0Minute\" \/>\n<script type=\"application\/ld+json\" class=\"yoast-schema-graph\">{\"@context\":\"https:\\\/\\\/schema.org\",\"@graph\":[{\"@type\":\"WebPage\",\"@id\":\"https:\\\/\\\/www.adlerkompressoren.at\\\/?page_id=29\",\"url\":\"https:\\\/\\\/www.adlerkompressoren.at\\\/?page_id=29\",\"name\":\"Mechatronik - Adler Kompressoren\",\"isPartOf\":{\"@id\":\"https:\\\/\\\/www.adlerkompressoren.at\\\/#website\"},\"primaryImageOfPage\":{\"@id\":\"https:\\\/\\\/www.adlerkompressoren.at\\\/?page_id=29#primaryimage\"},\"image\":{\"@id\":\"https:\\\/\\\/www.adlerkompressoren.at\\\/?page_id=29#primaryimage\"},\"thumbnailUrl\":\"https:\\\/\\\/www.adlerkompressoren.at\\\/wp-content\\\/uploads\\\/2023\\\/03\\\/mecha3.jpg\",\"datePublished\":\"2023-02-27T07:12:54+00:00\",\"dateModified\":\"2023-05-02T07:14:32+00:00\",\"breadcrumb\":{\"@id\":\"https:\\\/\\\/www.adlerkompressoren.at\\\/?page_id=29#breadcrumb\"},\"inLanguage\":\"de\",\"potentialAction\":[{\"@type\":\"ReadAction\",\"target\":[\"https:\\\/\\\/www.adlerkompressoren.at\\\/?page_id=29\"]}]},{\"@type\":\"ImageObject\",\"inLanguage\":\"de\",\"@id\":\"https:\\\/\\\/www.adlerkompressoren.at\\\/?page_id=29#primaryimage\",\"url\":\"https:\\\/\\\/www.adlerkompressoren.at\\\/wp-content\\\/uploads\\\/2023\\\/03\\\/mecha3.jpg\",\"contentUrl\":\"https:\\\/\\\/www.adlerkompressoren.at\\\/wp-content\\\/uploads\\\/2023\\\/03\\\/mecha3.jpg\",\"width\":2560,\"height\":1050},{\"@type\":\"BreadcrumbList\",\"@id\":\"https:\\\/\\\/www.adlerkompressoren.at\\\/?page_id=29#breadcrumb\",\"itemListElement\":[{\"@type\":\"ListItem\",\"position\":1,\"name\":\"Start\",\"item\":\"https:\\\/\\\/www.adlerkompressoren.at\\\/\"},{\"@type\":\"ListItem\",\"position\":2,\"name\":\"Mechatronik\"}]},{\"@type\":\"WebSite\",\"@id\":\"https:\\\/\\\/www.adlerkompressoren.at\\\/#website\",\"url\":\"https:\\\/\\\/www.adlerkompressoren.at\\\/\",\"name\":\"Adler Kompressoren\",\"description\":\"\",\"publisher\":{\"@id\":\"https:\\\/\\\/www.adlerkompressoren.at\\\/#organization\"},\"potentialAction\":[{\"@type\":\"SearchAction\",\"target\":{\"@type\":\"EntryPoint\",\"urlTemplate\":\"https:\\\/\\\/www.adlerkompressoren.at\\\/?s={search_term_string}\"},\"query-input\":{\"@type\":\"PropertyValueSpecification\",\"valueRequired\":true,\"valueName\":\"search_term_string\"}}],\"inLanguage\":\"de\"},{\"@type\":\"Organization\",\"@id\":\"https:\\\/\\\/www.adlerkompressoren.at\\\/#organization\",\"name\":\"Adler Kompressoren\",\"url\":\"https:\\\/\\\/www.adlerkompressoren.at\\\/\",\"logo\":{\"@type\":\"ImageObject\",\"inLanguage\":\"de\",\"@id\":\"https:\\\/\\\/www.adlerkompressoren.at\\\/#\\\/schema\\\/logo\\\/image\\\/\",\"url\":\"https:\\\/\\\/www.adlerkompressoren.at\\\/wp-content\\\/uploads\\\/2023\\\/03\\\/logo_single_shadow.png\",\"contentUrl\":\"https:\\\/\\\/www.adlerkompressoren.at\\\/wp-content\\\/uploads\\\/2023\\\/03\\\/logo_single_shadow.png\",\"width\":359,\"height\":198,\"caption\":\"Adler Kompressoren\"},\"image\":{\"@id\":\"https:\\\/\\\/www.adlerkompressoren.at\\\/#\\\/schema\\\/logo\\\/image\\\/\"},\"sameAs\":[\"https:\\\/\\\/www.facebook.com\\\/p\\\/Adler-Kompressoren-GmbH-100054344568440\\\/\"]}]}<\/script>\n<!-- \/ Yoast SEO plugin. -->","yoast_head_json":{"title":"Mechatronik - Adler Kompressoren","robots":{"index":"index","follow":"follow","max-snippet":"max-snippet:-1","max-image-preview":"max-image-preview:large","max-video-preview":"max-video-preview:-1"},"canonical":"https:\/\/www.adlerkompressoren.at\/?page_id=29","og_locale":"de_DE","og_type":"article","og_title":"Mechatronik - Adler Kompressoren","og_description":"REPARATUR Als flexibles Druckluftunternehmen f\u00fchren wir Reparaturen direkt vor Ort oder in unserer komplett ausgestatteten Werkstatt in Garsten durch.\u00a0Das Dienstleistungs-Angebot reicht von einfachen Reparaturen bis hin zu komplexen Aufbauten von Regel- und Steuerungstechniken in und um den gesamten Druckluftbereich. Mechatronik Zuverl\u00e4ssige Reparatur von Platinen und Frequenzumformer. Unsere qualifizierten Techniker verf\u00fcgen \u00fcber langj\u00e4hrige Erfahrung in der [&hellip;]","og_url":"https:\/\/www.adlerkompressoren.at\/?page_id=29","og_site_name":"Adler Kompressoren","article_publisher":"https:\/\/www.facebook.com\/p\/Adler-Kompressoren-GmbH-100054344568440\/","article_modified_time":"2023-05-02T07:14:32+00:00","og_image":[{"width":2560,"height":1050,"url":"https:\/\/www.adlerkompressoren.at\/wp-content\/uploads\/2023\/03\/mecha3.jpg","type":"image\/jpeg"}],"twitter_card":"summary_large_image","twitter_misc":{"Gesch\u00e4tzte Lesezeit":"1\u00a0Minute"},"schema":{"@context":"https:\/\/schema.org","@graph":[{"@type":"WebPage","@id":"https:\/\/www.adlerkompressoren.at\/?page_id=29","url":"https:\/\/www.adlerkompressoren.at\/?page_id=29","name":"Mechatronik - Adler Kompressoren","isPartOf":{"@id":"https:\/\/www.adlerkompressoren.at\/#website"},"primaryImageOfPage":{"@id":"https:\/\/www.adlerkompressoren.at\/?page_id=29#primaryimage"},"image":{"@id":"https:\/\/www.adlerkompressoren.at\/?page_id=29#primaryimage"},"thumbnailUrl":"https:\/\/www.adlerkompressoren.at\/wp-content\/uploads\/2023\/03\/mecha3.jpg","datePublished":"2023-02-27T07:12:54+00:00","dateModified":"2023-05-02T07:14:32+00:00","breadcrumb":{"@id":"https:\/\/www.adlerkompressoren.at\/?page_id=29#breadcrumb"},"inLanguage":"de","potentialAction":[{"@type":"ReadAction","target":["https:\/\/www.adlerkompressoren.at\/?page_id=29"]}]},{"@type":"ImageObject","inLanguage":"de","@id":"https:\/\/www.adlerkompressoren.at\/?page_id=29#primaryimage","url":"https:\/\/www.adlerkompressoren.at\/wp-content\/uploads\/2023\/03\/mecha3.jpg","contentUrl":"https:\/\/www.adlerkompressoren.at\/wp-content\/uploads\/2023\/03\/mecha3.jpg","width":2560,"height":1050},{"@type":"BreadcrumbList","@id":"https:\/\/www.adlerkompressoren.at\/?page_id=29#breadcrumb","itemListElement":[{"@type":"ListItem","position":1,"name":"Start","item":"https:\/\/www.adlerkompressoren.at\/"},{"@type":"ListItem","position":2,"name":"Mechatronik"}]},{"@type":"WebSite","@id":"https:\/\/www.adlerkompressoren.at\/#website","url":"https:\/\/www.adlerkompressoren.at\/","name":"Adler Kompressoren","description":"","publisher":{"@id":"https:\/\/www.adlerkompressoren.at\/#organization"},"potentialAction":[{"@type":"SearchAction","target":{"@type":"EntryPoint","urlTemplate":"https:\/\/www.adlerkompressoren.at\/?s={search_term_string}"},"query-input":{"@type":"PropertyValueSpecification","valueRequired":true,"valueName":"search_term_string"}}],"inLanguage":"de"},{"@type":"Organization","@id":"https:\/\/www.adlerkompressoren.at\/#organization","name":"Adler Kompressoren","url":"https:\/\/www.adlerkompressoren.at\/","logo":{"@type":"ImageObject","inLanguage":"de","@id":"https:\/\/www.adlerkompressoren.at\/#\/schema\/logo\/image\/","url":"https:\/\/www.adlerkompressoren.at\/wp-content\/uploads\/2023\/03\/logo_single_shadow.png","contentUrl":"https:\/\/www.adlerkompressoren.at\/wp-content\/uploads\/2023\/03\/logo_single_shadow.png","width":359,"height":198,"caption":"Adler Kompressoren"},"image":{"@id":"https:\/\/www.adlerkompressoren.at\/#\/schema\/logo\/image\/"},"sameAs":["https:\/\/www.facebook.com\/p\/Adler-Kompressoren-GmbH-100054344568440\/"]}]}},"_links":{"self":[{"href":"https:\/\/www.adlerkompressoren.at\/index.php?rest_route=\/wp\/v2\/pages\/29","targetHints":{"allow":["GET"]}}],"collection":[{"href":"https:\/\/www.adlerkompressoren.at\/index.php?rest_route=\/wp\/v2\/pages"}],"about":[{"href":"https:\/\/www.adlerkompressoren.at\/index.php?rest_route=\/wp\/v2\/types\/page"}],"author":[{"embeddable":true,"href":"https:\/\/www.adlerkompressoren.at\/index.php?rest_route=\/wp\/v2\/users\/1"}],"replies":[{"embeddable":true,"href":"https:\/\/www.adlerkompressoren.at\/index.php?rest_route=%2Fwp%2Fv2%2Fcomments&post=29"}],"version-history":[{"count":26,"href":"https:\/\/www.adlerkompressoren.at\/index.php?rest_route=\/wp\/v2\/pages\/29\/revisions"}],"predecessor-version":[{"id":1367,"href":"https:\/\/www.adlerkompressoren.at\/index.php?rest_route=\/wp\/v2\/pages\/29\/revisions\/1367"}],"wp:attachment":[{"href":"https:\/\/www.adlerkompressoren.at\/index.php?rest_route=%2Fwp%2Fv2%2Fmedia&parent=29"}],"curies":[{"name":"wp","href":"https:\/\/api.w.org\/{rel}","templated":true}]}}